{"id":696,"date":"2026-02-25T13:31:03","date_gmt":"2026-02-25T12:31:03","guid":{"rendered":"https:\/\/game-me-more.fr\/?page_id=696"},"modified":"2026-02-25T13:32:24","modified_gmt":"2026-02-25T12:32:24","slug":"elementor-696","status":"publish","type":"page","link":"https:\/\/game-me-more.fr\/?page_id=696","title":{"rendered":"Mentions l\u00e9gales"},"content":{"rendered":"\t\t<div data-elementor-type=\"wp-page\" data-elementor-id=\"696\" class=\"elementor elementor-696\" data-elementor-post-type=\"page\">\n\t\t\t\t<div class=\"aux-parallax-section elementor-element elementor-element-be8d187 e-flex e-con-boxed e-con e-parent\" data-id=\"be8d187\" data-element_type=\"container\">\n\t\t\t\t\t<div class=\"e-con-inner\">\n\t\t\t\t<div class=\"elementor-element elementor-element-564220c elementor-widget elementor-widget-text-editor\" data-id=\"564220c\" data-element_type=\"widget\" data-widget_type=\"text-editor.default\">\n\t\t\t\t<div class=\"elementor-widget-container\">\n\t\t\t\t\t\t\t\t\t<h3 data-start=\"298\" data-end=\"324\"><strong data-start=\"302\" data-end=\"324\">1) \u00c9diteur du site<\/strong><\/h3><p data-start=\"325\" data-end=\"365\">Le pr\u00e9sent site internet est \u00e9dit\u00e9 par :<\/p><p data-start=\"367\" data-end=\"938\"><strong data-start=\"367\" data-end=\"383\">GAME ME MORE<\/strong><br data-start=\"383\" data-end=\"386\" \/>Soci\u00e9t\u00e9 \u00e0 responsabilit\u00e9 limit\u00e9e (SARL)<br data-start=\"425\" data-end=\"428\" \/>Capital social : 3 000 \u20ac<br data-start=\"452\" data-end=\"455\" \/>Si\u00e8ge social : 4 bis Avenue H\u00e9l\u00e8ne Boucher, 13800 Istres, France <br data-start=\"557\" data-end=\"560\" \/>RCS : <strong data-start=\"566\" data-end=\"606\">919 408 070 R.C.S. Salon-de-Provence<\/strong> <br data-start=\"644\" data-end=\"647\" \/>SIREN : 919 408 070<br data-start=\"666\" data-end=\"669\" \/>SIRET : 919 408 070 00010 <br data-start=\"732\" data-end=\"735\" \/>Code APE\/NAF : 47.65Z \u2013 Commerce de d\u00e9tail de jeux et jouets en magasin sp\u00e9cialis\u00e9 <br data-start=\"855\" data-end=\"858\" \/>TVA intracommunautaire : <strong data-start=\"883\" data-end=\"900\">FR25919408070<\/strong><\/p><p data-start=\"940\" data-end=\"1084\">Email : <strong data-start=\"948\" data-end=\"975\"><a class=\"decorated-link cursor-pointer\" rel=\"noopener\" data-start=\"950\" data-end=\"973\">contact@game-me-more.fr<\/a><\/strong> <br data-start=\"1013\" data-end=\"1016\" \/>T\u00e9l\u00e9phone : <strong data-start=\"1028\" data-end=\"1046\">09 78 80 15 72<\/strong><\/p><p data-start=\"1086\" data-end=\"1149\">Le directeur de la publication est <strong data-start=\"1121\" data-end=\"1148\">le g\u00e9rant de la soci\u00e9t\u00e9<\/strong>.<\/p><hr data-start=\"1151\" data-end=\"1154\" \/><h3 data-start=\"1156\" data-end=\"1178\"><strong data-start=\"1160\" data-end=\"1178\">2) H\u00e9bergement<\/strong><\/h3><p data-start=\"1179\" data-end=\"1204\">Le site est h\u00e9berg\u00e9 par :<\/p><p data-start=\"1206\" data-end=\"1288\"><strong data-start=\"1206\" data-end=\"1237\">Hostinger International Ltd<\/strong><br data-start=\"1237\" data-end=\"1240\" \/>61 Lordou Vironos Street<br data-start=\"1264\" data-end=\"1267\" \/>6023 Larnaca<br data-start=\"1279\" data-end=\"1282\" \/>Chypre<\/p><hr data-start=\"1290\" data-end=\"1293\" \/><h3 data-start=\"1295\" data-end=\"1330\"><strong data-start=\"1299\" data-end=\"1330\">3) Propri\u00e9t\u00e9 intellectuelle<\/strong><\/h3><p data-start=\"1331\" data-end=\"1559\">Toute reproduction, repr\u00e9sentation, diffusion ou exploitation partielle ou totale du site et de son contenu (textes, images, logo, graphismes, etc.), sans autorisation pr\u00e9alable \u00e9crite de Game Me More, est strictement interdite.<\/p><hr data-start=\"1561\" data-end=\"1564\" \/><h3 data-start=\"1566\" data-end=\"1597\"><strong data-start=\"1570\" data-end=\"1597\">4) Donn\u00e9es personnelles<\/strong><\/h3><p data-start=\"1598\" data-end=\"1789\">Les donn\u00e9es recueillies via le site (formulaire de contact, email, etc.) sont utilis\u00e9es uniquement pour r\u00e9pondre aux demandes des utilisateurs. Elles ne sont ni c\u00e9d\u00e9es ni vendues \u00e0 des tiers.<\/p><p data-start=\"1791\" data-end=\"2074\">Conform\u00e9ment \u00e0 la r\u00e9glementation fran\u00e7aise (RGPD &amp; loi Informatique et Libert\u00e9s), vous disposez d\u2019un droit d\u2019acc\u00e8s, de rectification, d\u2019opposition, de suppression et de portabilit\u00e9 des donn\u00e9es vous concernant.<br data-start=\"2000\" data-end=\"2003\" \/>Pour exercer ces droits, contactez-nous \u00e0 : <strong data-start=\"2047\" data-end=\"2074\"><a class=\"decorated-link cursor-pointer\" rel=\"noopener\" data-start=\"2049\" data-end=\"2072\">contact@game-me-more.fr<\/a><\/strong><\/p><hr data-start=\"2076\" data-end=\"2079\" \/><h3 data-start=\"2081\" data-end=\"2099\"><strong data-start=\"2085\" data-end=\"2099\">5) Cookies<\/strong><\/h3><p data-start=\"2100\" data-end=\"2284\">Le site peut utiliser des cookies anonymes pour faciliter la navigation et les statistiques de fr\u00e9quentation. Vous pouvez d\u00e9sactiver les cookies via les param\u00e8tres de votre navigateur.<\/p><p data-start=\"2286\" data-end=\"2385\">Une <strong data-start=\"2290\" data-end=\"2332\">politique de confidentialit\u00e9 &amp; cookies<\/strong> distincte peut \u00eatre fournie sur demande ou en ligne.<\/p><hr data-start=\"2387\" data-end=\"2390\" \/><h3 data-start=\"2392\" data-end=\"2417\"><strong data-start=\"2396\" data-end=\"2417\">6) Responsabilit\u00e9<\/strong><\/h3><p data-start=\"2418\" data-end=\"2710\">Game Me More s\u2019efforce d\u2019assurer l\u2019exactitude des informations pr\u00e9sentes sur le site, mais ne peut garantir leur exhaustivit\u00e9 ou absence d\u2019erreur.<br data-start=\"2564\" data-end=\"2567\" \/>Game Me More ne pourra \u00eatre tenue responsable des dommages directs ou indirects r\u00e9sultant de l\u2019acc\u00e8s au site ou de l\u2019impossibilit\u00e9 d\u2019y acc\u00e9der.<\/p><hr data-start=\"2712\" data-end=\"2715\" \/><h3 data-start=\"2717\" data-end=\"2744\"><strong data-start=\"2721\" data-end=\"2744\">7) Droit applicable<\/strong><\/h3><p data-start=\"2745\" data-end=\"2908\">Les pr\u00e9sentes mentions l\u00e9gales sont soumises au <strong data-start=\"2793\" data-end=\"2811\">droit fran\u00e7ais<\/strong>.<br data-start=\"2812\" data-end=\"2815\" \/>En cas de litige, les tribunaux du ressort du si\u00e8ge social de Game Me More seront comp\u00e9tents.<\/p>\t\t\t\t\t\t\t\t<\/div>\n\t\t\t\t<\/div>\n\t\t\t\t\t<\/div>\n\t\t\t\t<\/div>\n\t\t\t\t<\/div>\n\t\t","protected":false},"excerpt":{"rendered":"<p>1) \u00c9diteur du site Le pr\u00e9sent site internet est \u00e9dit\u00e9 par : GAME ME MORESoci\u00e9t\u00e9 \u00e0 responsabilit\u00e9 limit\u00e9e (SARL)Capital social : 3 000 \u20acSi\u00e8ge social : 4 bis Avenue H\u00e9l\u00e8ne Boucher, 13800 Istres, France RCS : 919 408 070 R.C.S. Salon-de-Provence SIREN : 919 408 070SIRET : 919 408 070 00010 Code APE\/NAF : 47.65Z [&hellip;]<\/p>\n","protected":false},"author":1,"featured_media":0,"parent":0,"menu_order":0,"comment_status":"closed","ping_status":"closed","template":"","meta":{"footnotes":""},"class_list":["post-696","page","type-page","status-publish","hentry"],"_links":{"self":[{"href":"https:\/\/game-me-more.fr\/index.php?rest_route=\/wp\/v2\/pages\/696","targetHints":{"allow":["GET"]}}],"collection":[{"href":"https:\/\/game-me-more.fr\/index.php?rest_route=\/wp\/v2\/pages"}],"about":[{"href":"https:\/\/game-me-more.fr\/index.php?rest_route=\/wp\/v2\/types\/page"}],"author":[{"embeddable":true,"href":"https:\/\/game-me-more.fr\/index.php?rest_route=\/wp\/v2\/users\/1"}],"replies":[{"embeddable":true,"href":"https:\/\/game-me-more.fr\/index.php?rest_route=%2Fwp%2Fv2%2Fcomments&post=696"}],"version-history":[{"count":5,"href":"https:\/\/game-me-more.fr\/index.php?rest_route=\/wp\/v2\/pages\/696\/revisions"}],"predecessor-version":[{"id":701,"href":"https:\/\/game-me-more.fr\/index.php?rest_route=\/wp\/v2\/pages\/696\/revisions\/701"}],"wp:attachment":[{"href":"https:\/\/game-me-more.fr\/index.php?rest_route=%2Fwp%2Fv2%2Fmedia&parent=696"}],"curies":[{"name":"wp","href":"https:\/\/api.w.org\/{rel}","templated":true}]}}